-102112404 (base 5) to base 14
-b1351
Convert -199072 (base 12) to base 4.
-1232020112
What is -1022200210212 (base 3) in base 11?
-43a983
-3112101012 (base 4) to base 8
-3262106
Convert -380629 (base 11) to base 4.
-2102233032
What is 5a8864 (base 12) in base 10?
1466572
c69a9 (base 13) to base 4
1113103012
Convert 2880b (base 15) to base 14.
35581
What is 200001221111 (base 3) in base 14?
938bd
13331122 (base 6) to base 10
447386
Convert -31110112033 (base 4) to base 13.
-953110
Convert 5634236 (base 7) to base 4.
2222112323
72197 (base 10) to base 15
165d2
What is 70e0c (base 16) in base 10?
462348
What is 313331311 (base 5) in base 6?
44013031
Convert -16a0 (base 15) to base 3.
-20200120
996d (base 14) to base 4
12132331
What is 3108162 (base 10) in base 15?
415e0c
What is -7a467 (base 11) in base 10?
-116354
Convert 43691 (base 14) to base 7.
1246541
-3c4618 (base 14) to base 4
-13331123232
Convert -35245646 (base 7) to base 8.
-13656607
-10010100010 (base 2) to base 16
-4a2
4401414 (base 5) to base 8
222742
-295963 (base 12) to base 16
-a981b
Convert 1011002121111 (base 3) to base 16.
956ec
What is 11724230 (base 9) in base 7?
66552204
What is 1b822 (base 14) in base 8?
211066
Convert 1792535 (base 11) to base 12.
1023948
-336c38 (base 15) to base 5
-1111444003
-6349a (base 12) to base 9
-217651
What is 145535233 (base 7) in base 10?
9740293
-123133330233 (base 4) to base 13
-1655244
What is 40011141 (base 5) in base 15?
62c66
12501035 (base 6) to base 4
1210223033
Convert -171bb4 (base 13) to base 15.
-b5768
Convert 1bc312 (base 13) to base 8.
2557236
21200100202 (base 3) to base 7
1166501
What is -101000111100011111111 (base 2) in base 4?
-11013203333
-303392 (base 10) to base 14
-7c7cc
Convert 2369 (base 15) to base 14.
2a56
29249 (base 13) to base 8
226756
Convert 11123873 (base 9) to base 4.
110203302222
What is -ab4c7 (base 14) in base 3?
-210002200121
12438207 (base 9) to base 15
809a71
What is 9ae90d (base 15) in base 13?
16b983b
Convert 26403221 (base 7) to base 5.
1104440400
Convert 1999496 (base 10) to base 14.
3a0972
What is -144412124 (base 5) in base 16?
-be31f
22312331 (base 5) to base 10
197841
What is -10101211220 (base 3) in base 12?
-328b9
What is 141420010 (base 5) in base 15?
e708a
What is 1001000101101010100 (base 2) in base 11?
193829
5e1d (base 16) to base 12
11b39
Convert 211112121112 (base 3) to base 5.
103144203
What is -211121011001 (base 3) in base 16?
-6c97f
Convert -13728 (base 14) to base 9.
-72825
Convert 210112113 (base 4) to base 11.
a1952
What is -240020141 (base 6) in base 16?
-44625d
What is 11403144 (base 6) in base 14?
94888
What is -111102011111121 (base 3) in base 10?
-7128529
What is a50451 (base 12) in base 10?
2592637
-1b29a61 (base 12) to base 15
-79314d
-221002202 (base 3) to base 5
-1041144
Convert 3685bc (base 13) to base 5.
313210241
-579693 (base 14) to base 13
-806300
Convert -3074c53 (base 13) to base 12.
-4b05a5a
Convert -40104331 (base 5) to base 2.
-1001101001100111000
What is -15bba69 (base 15) in base 5?
-13020040344
What is -19a531 (base 13) in base 3?
-1020002021102
506d2 (base 15) to base 9
427308
-1002322033102 (base 4) to base 16
-10ba3d2
Convert -1099d (base 14) to base 13.
-15476
Convert -1727c6a (base 13) to base 3.
-112010001201110
Convert -26dd2 (base 15) to base 16.
-1e6ce
6581476 (base 10) to base 4
121012303210
Convert 12122525 (base 7) to base 11.
679521
What is -1020221011111 (base 3) in base 9?
-1227144
Convert 4401123 (base 7) to base 14.
100213
What is -641926 (base 10) in base 4?
-2130232012
ab8120 (base 12) to base 3
12010201102020
What is 458aaa (base 13) in base 9?
3080705
1101122112202 (base 3) to base 9
1348482
Convert -110c56 (base 15) to base 8.
-3063355
What is -550364 (base 7) in base 13?
-34a57
-12062740 (base 8) to base 13
-7190a5
Convert -43413044 (base 6) to base 11.
-803322
-27926f (base 16) to base 10
-2593391
4003232443 (base 5) to base 13
1826260
Convert 7a2056 (base 13) to base 8.
13012646
Convert 458a193 (base 11) to base 16.
7a6890
Convert 500014 (base 7) to base 3.
11021021211
What is -11212120101000 (base 3) in base 11?
-1509733
Convert -101222021200 (base 4) to base 12.
-1672a54
Convert -277800 (base 16) to base 15.
-361619
What is 6010210 (base 8) in base 14?
2d0a5a
Convert 111200221221 (base 3) to base 16.
41d85
What is 22210113 (base 4) in base 11?
2a582
What is -1001001011110111001101 (base 2) in base 11?
-13a5097
Convert -3455a9 (base 11) to base 12.
-225920
-2111053 (base 6) to base 15
-20623
What is -2318874 (base 11) in base 16?
-3dd685
-45489 (base 11) to base 9
-110231
-160181 (base 9) to base 10
-98569
What is -10010b5 (base 14) in base 7?
-121011315
What is 2051324 (base 8) in base 11?
342922
What is -21200000110110 (base 3) in base 16?
-3e2cdd
221260 (base 8) to base 16
122b0
-b8c22 (base 13) to base 2
-1010001011111101011
-24031055 (base 7) to base 12
-865a98
What is -9a10a (base 12) in base 15?
-406dd
Convert -4202314 (base 6) to base 14.
-53c46
Convert -123192 (base 12) to base 6.
-10201102
-120341315 (base 7) to base 2
-11100100000010100011110
Convert 312230022 (base 4) to base 9.
371250
Convert 5330355 (base 6) to base 5.
31320024
be5 (base 15) to base 7
10562
What is 10011010000100100110 (base 2) in base 10?
631078
What is 133220220110 (base 4) in base 13?
1944842
Convert 4657026 (base 9) to base 12.
a15206
1e457b (base 15) to base 13
3cbc48
What is -2b0cb (base 13) in base 2?
-10011111000110000
What is 43013435 (base 6) in base 9?
2332805
a506a1 (base 12) to base 3
11212201220111
Convert b2212 (base 14) to base 5.
102202342
What is 1000111111010101011010 (base 2) in base 12?
95790a
What is 34013425 (base 6) in base 5?
230403122
-830c6 (base 15) to base 2
-1100101011001001111
What is 130539 (base 10) in base 6?
2444203
Convert 815513 (base 11) to base 15.
1ad39d
Convert 2000022 (base 6) to base 11.
64132
-42c5d9 (base 16) to base 7
-52124043
-300113 (base 6) to base 13
-a83c
-5514501 (base 6) to base 13
-97c36
-21c9a (base 14) to base 12
-3b5a8
What is 24425022 (base 6) in base 7?
6432542
Convert 3201123020 (base 4) to base 3.
1201220120122
What is 17c9b2 (base 13) in base 10?
599250
What is 1000010101110100001 (base 2) in base 5?
32221223
What is -746662 (base 10) in base 15?
-eb377
Convert -1b6dc (base 16) to base 11.
-77455
-3a2b7 (base 13) to base 16
-1a66d
1001100011111000001 (base 2) to base 9
526660
What is -acb70 (base 14) in base 15?
-843b2
Convert 9618bc (base 14) to base 11.
2957241
Convert -102202111200 (base 3) to base 11.
-1489a0
Convert 7024b2 (base 13) to base 2.
1001111011110011101010
-300320340 (base 5) to base 12
-490457
Convert 11101000011111111 (base 2) to base 8.
350377
Convert -454466 (base 8) to base 16.
-25936
-b624 (base 15) to base 11
-26a29
Convert -aa0797 (base 13) to base 14.
-761955
What is 2500542 (base 6) in base 9?
221548
-13350231 (base 8) to base 11
-1770925
-35314361 (base 7) to base 12
-10617a2
What is -11144441 (base 5) in base 10?
-99996
What is 73b069 (base 14) in base 4?
32322222111
14b034 (base 15) to base 5
223432144
What is 178302 (base 15) in base 2?
100010110101010110011
What is -1110100112220 (base 3) in base 10?
-774600
Convert 2963a2 (base 11) to base 6.
13524232
-101101002112 (base 3) to base 6
-4213152
What is 1110000220022 (base 3) in base 4?
2323210211
Convert -10120121120212 (base 3) to base 13.
-517757
-163802 (base 10) to base 15
-33802
Convert 2d0cf (base 16) to base 7.
1365660
What is -209c5c (base 16) in base 7?
-24110563
-3201233 (base 4) to base 8
-34157
What is -412a37 (base 13) in base 5?
-342113423
What is -9a410 (base 14) in base 11?
-235a84
Convert -13983b (base 14) to base 8.
-2456735
What is bf058 (base 16) in base 3?
1110202021200
What is 108947a (base 11) in base 12?
778307
Convert 111100100110010 (base 2) to base 7.
156312
What is -84074 (base 12) in base 14?
-47012
Convert -2424413132 (base 5) to base 4.
-111233312302
What is -760401 (base 12) in base 2?
-111000111110001000001
200110001011 (base 3) to base 4
1120221001
What is -167983 (base 11) in base 14?
-6a762
-29517 (base 10) to base 8
-71515
What is 14623301 (base 7) in base 10?
1400960
Convert 1367002 (base 10) to base 15.
1c0087
What is -2047897 (base 10) in base 5?
-1011013042
What is 5